
Is 4764452435 a composite number?
True
Is 12245894909 a prime number?
False
Is 10768983427 prime?
True
Is 1034626601 prime?
False
Is 7944349157 a composite number?
True
Is 2128173469 a composite number?
True
Is 7710995447 composite?
True
Is 193520578603 a composite number?
True
Is 34811750021 prime?
False
Is 48650557 a prime number?
False
Is 79841367167 a composite number?
False
Is 65559043283 a composite number?
False
Is 1174009327 a composite number?
False
Is 278204491 prime?
True
Is 3967442029 a prime number?
False
Is 548818079569 composite?
False
Is 26368227299 a composite number?
True
Is 4885146559 a prime number?
False
Is 73320471769 a composite number?
False
Is 1273681627 a prime number?
False
Is 3202003183 a composite number?
False
Is 941363641 a composite number?
False
Is 313970659 a prime number?
True
Is 23658050903 a composite number?
True
Is 59967468439 composite?
False
Is 5692059983 prime?
False
Is 1211179181 prime?
True
Is 73427668753 composite?
False
Is 1683088837 prime?
False
Is 1422543313 a prime number?
False
Is 283284879521 a prime number?
False
Is 2919250993 a composite number?
False
Is 4244032937 a composite number?
False
Is 3622231813 a prime number?
False
Is 769915841 prime?
True
Is 9398943089 prime?
False
Is 4291239401 prime?
True
Is 96264533 a composite number?
False
Is 217228481 a prime number?
True
Is 2724636059 composite?
False
Is 4463389771 composite?
False
Is 4493996159 a composite number?
False
Is 1491147563 a composite number?
True
Is 1689225757 prime?
False
Is 60908560633 prime?
True
Is 8785113461 a composite number?
False
Is 2831017441 prime?
False
Is 2229682751 prime?
False
Is 778575403 a prime number?
False
Is 694971649 a prime number?
False
Is 47289245683 a composite number?
False
Is 10099490221 a composite number?
False
Is 100258987 a prime number?
False
Is 722660239 composite?
True
Is 2511050567 a prime number?
True
Is 59240507 a composite number?
False
Is 712466897 a composite number?
False
Is 48593929177 prime?
True
Is 922517329 a prime number?
True
Is 7092836083 a prime number?
True
Is 81450947 prime?
False
Is 39677928971 prime?
False
Is 16666509515 prime?
False
Is 18152943231 a composite number?
True
Is 1404001303 prime?
False
Is 443880233 a composite number?
False
Is 4316800889 a prime number?
True
Is 361455469 prime?
True
Is 926658583 composite?
True
Is 1354584146 a composite number?
True
Is 4771027693 a composite number?
True
Is 1236186181 composite?
False
Is 424369369 a composite number?
False
Is 8615486443 prime?
True
Is 91680139819 prime?
True
Is 347071831 a composite number?
False
Is 4129430581 prime?
True
Is 14424721433 composite?
False
Is 9848877083 a prime number?
True
Is 19544021111 a prime number?
False
Is 496302229 composite?
True
Is 26122118987 composite?
True
Is 59907610187 a composite number?
False
Is 778223591 a composite number?
False
Is 2026375879 a prime number?
False
Is 178732007 a prime number?
True
Is 28714723801 a composite number?
True
Is 4386162191 prime?
True
Is 284921347 composite?
False
Is 138866087 a prime number?
False
Is 60213557 a composite number?
False
Is 709765547 prime?
True
Is 600204539 prime?
False
Is 3139672759 a prime number?
True
Is 495160999 prime?
False
Is 4356448861 prime?
True
Is 77162474999 a prime number?
True
Is 35559755773 a composite number?
True
Is 2178696347 prime?
True
Is 143211557 composite?
False
Is 8636957023 composite?
False
Is 3209962247 a prime number?
True
Is 6504853 prime?
True
Is 20986688971 a composite number?
False
Is 1556031283 a prime number?
False
Is 42307544911 a prime number?
False
Is 441377231 a prime number?
True
Is 144142001 composite?
False
Is 8479560809 prime?
False
Is 2772557699 composite?
False
Is 9282577 a prime number?
True
Is 350818087 a composite number?
False
Is 40638751 composite?
False
Is 1346273923 composite?
False
Is 25035934039 a composite number?
True
Is 624165127 a composite number?
True
Is 5003080921 prime?
False
Is 669489047 prime?
True
Is 768363289 a composite number?
True
Is 12568484263 a prime number?
False
Is 709197101 a prime number?
True
Is 162058973 a prime number?
False
Is 535842509 prime?
False
Is 167222799721 prime?
True
Is 8427156299 a prime number?
True
Is 36692168129 prime?
True
Is 15898344647 composite?
False
Is 2024933 a prime number?
True
Is 2724986393 a composite number?
False
Is 1127403721 a composite number?
True
Is 7346307653 a composite number?
True
Is 47619983 prime?
False
Is 4274456221 a composite number?
True
Is 40542536753 a prime number?
False
Is 51214164359 composite?
False
Is 22187661959 prime?
True
Is 957625787 composite?
False
Is 7949420101 a composite number?
True
Is 17277496669 composite?
False
Is 1818345689 composite?
False
Is 709461379 prime?
False
Is 8471559253 prime?
False
Is 201041238679 prime?
True
Is 24889223389 a composite number?
True
Is 157517611 a prime number?
False
Is 4928728261 prime?
False
Is 1150951379 prime?
False
Is 3877665637 a composite number?
False
Is 5346568249 a composite number?
True
Is 20690108299 a prime number?
False
Is 606178198 composite?
True
Is 3432004291 a prime number?
False
Is 2891037433 a prime number?
False
Is 645234071 composite?
False
Is 7765665031 prime?
True
Is 1950251047 a composite number?
False
Is 26672443807 a composite number?
True
Is 21627237491 prime?
False
Is 55806561667 a composite number?
True
Is 1409226167 composite?
True
Is 5446462579 prime?
False
Is 5619331169 a prime number?
True
Is 468261979157 prime?
False
Is 38510376431 prime?
True
Is 923295623 composite?
False
Is 751598569 a prime number?
True
Is 401143279 prime?
True
Is 96388798313 composite?
False
Is 3154400147 prime?
True
Is 482951921 prime?
True
Is 536884253 composite?
True
Is 446323489 a prime number?
False
Is 2351857363 composite?
False
Is 63696228803 a prime number?
False
Is 1404695693 composite?
False
Is 271042621 prime?
True
Is 2505866911 a prime number?
True
Is 6022641631 composite?
True
Is 14879144905 prime?
False
Is 8820667951 a prime number?
False
Is 92683981631 prime?
True
Is 6325756133 a prime number?
False
Is 1180441571 a prime number?
True
Is 59253423043 a composite number?
True
Is 436198277017 a prime number?
False
Is 1123306417 a prime number?
True
Is 343912535 a composite number?
True
Is 82760885771 a composite number?
True
Is 3577829953 a composite number?
True
Is 8676750259 a composite number?
False
Is 2764049783 composite?
True
Is 501075373 a composite number?
False
Is 728398709 a composite number?
True
Is 33303327529 a composite number?
True
Is 995190979 prime?
False
Is 9506480593 a prime number?
True
Is 15945721417 a composite number?
False
Is 10396896569 composite?
False
Is 3430114421 a prime number?
True
Is 124993852951 composite?
True
Is 264013493 a composite number?
True
Is 72060122833 a composite number?
True
Is 177645751 composite?
True
Is 56974906507 a composite number?
True
Is 316058783 prime?
True
Is 848836123 a composite number?
True
Is 154418729 a prime number?
True
Is 26541539281 a composite number?
False
Is 121576513 a prime number?
False
Is 108306665329 a composite number?
False
Is 5237874361 composite?
False
Is 749684965 a prime number?
False
Is 142169869 a prime number?
True
Is 782809483 prime?
True
Is 54074999747 a prime number?
True
Is 2759892035 a composite number?
True
Is 261659965141 a composite number?
False
Is 16082694143 a prime number?
False
Is 426136227787 a prime number?
True
Is 313196647 composite?
True
Is 320637451 a prime number?
False
Is 205076741 a prime number?
False
Is 36890364727 a prime number?
False
Is 4805413091 a prime number?
True
Is 10194890819 prime?
False
Is 441905966367 a prime number?
False
Is 7491670049 composite?
True
Is 45451619 composite?
False
Is 180004299 a composite number?
True
Is 1962979 a composite number?
True
Is 92779523267 a prime number?
True
Is 20687112659 prime?
False
Is 3419664499 composite?
False
Is 2413985963 composite?
False
Is 5804226809 a prime number?
True
Is 1131694661 composite?
True
Is 5974051691 composite?
False
Is 299591857 a prime number?
False
Is 8942950693 a prime number?
True
Is 5829279107 composite?
True
Is 1587894227 a composite number?
True
Is 20836642889 a prime number?
True
Is 985395893 prime?
True
Is 3735314021 composite?
True
Is 8488207919 a composite number?
